{"id":1187,"date":"2025-04-06T09:32:37","date_gmt":"2025-04-06T09:32:37","guid":{"rendered":"https:\/\/gemischterchorstaffeleggtal.ch\/?page_id=1187"},"modified":"2025-09-12T17:51:11","modified_gmt":"2025-09-12T17:51:11","slug":"aktuell-2","status":"publish","type":"page","link":"https:\/\/gemischterchorstaffeleggtal.ch\/?page_id=1187","title":{"rendered":"Aktuell"},"content":{"rendered":"\n<div class=\"wp-block-media-text is-stacked-on-mobile\"><figure class=\"wp-block-media-text__media\"><img loading=\"lazy\" decoding=\"async\" width=\"595\" height=\"842\" src=\"https:\/\/gemischterchorstaffeleggtal.ch\/wp-content\/uploads\/2025\/09\/Adventskonzert-2025-Gemischter-Chor-Staffeleggtal_A4_Flyer.jpeg\" alt=\"\" class=\"wp-image-1462 size-full\" srcset=\"https:\/\/gemischterchorstaffeleggtal.ch\/wp-content\/uploads\/2025\/09\/Adventskonzert-2025-Gemischter-Chor-Staffeleggtal_A4_Flyer.jpeg 595w, https:\/\/gemischterchorstaffeleggtal.ch\/wp-content\/uploads\/2025\/09\/Adventskonzert-2025-Gemischter-Chor-Staffeleggtal_A4_Flyer-212x300.jpeg 212w, https:\/\/gemischterchorstaffeleggtal.ch\/wp-content\/uploads\/2025\/09\/Adventskonzert-2025-Gemischter-Chor-Staffeleggtal_A4_Flyer-575x814.jpeg 575w, https:\/\/gemischterchorstaffeleggtal.ch\/wp-content\/uploads\/2025\/09\/Adventskonzert-2025-Gemischter-Chor-Staffeleggtal_A4_Flyer-380x538.jpeg 380w\" sizes=\"auto, (max-width: 595px) 100vw, 595px\" \/><\/figure><div class=\"wp-block-media-text__content\">\n<p><strong>Unser n\u00e4chstes Konzert:<\/strong><\/p>\n\n\n\n<p>eine Stunde gef\u00fcllt mit stimmungsvollen Advents- und Weihnachtsliedern &#8211; danach bei Gl\u00fchwein und Lebkuchen den gemeinsamen Austausch pflegen.<\/p>\n\n\n\n<p>Das ist unser Adventskonzert<\/p>\n<\/div><\/div>\n\n\n\n<div style=\"height:100px\" aria-hidden=\"true\" class=\"wp-block-spacer\"><\/div>\n\n\n\n<div class=\"wp-block-media-text is-stacked-on-mobile\" style=\"grid-template-columns:44% auto\"><figure class=\"wp-block-media-text__media\"><img loading=\"lazy\" decoding=\"async\" width=\"724\" height=\"1024\" src=\"https:\/\/gemischterchorstaffeleggtal.ch\/wp-content\/uploads\/2025\/04\/CH-STAFF-KONZERT-Mai-2025-2-724x1024.jpg\" alt=\"\" class=\"wp-image-1164 size-full\" srcset=\"https:\/\/gemischterchorstaffeleggtal.ch\/wp-content\/uploads\/2025\/04\/CH-STAFF-KONZERT-Mai-2025-2-724x1024.jpg 724w, https:\/\/gemischterchorstaffeleggtal.ch\/wp-content\/uploads\/2025\/04\/CH-STAFF-KONZERT-Mai-2025-2-212x300.jpg 212w, https:\/\/gemischterchorstaffeleggtal.ch\/wp-content\/uploads\/2025\/04\/CH-STAFF-KONZERT-Mai-2025-2-768x1086.jpg 768w, https:\/\/gemischterchorstaffeleggtal.ch\/wp-content\/uploads\/2025\/04\/CH-STAFF-KONZERT-Mai-2025-2-1086x1536.jpg 1086w, https:\/\/gemischterchorstaffeleggtal.ch\/wp-content\/uploads\/2025\/04\/CH-STAFF-KONZERT-Mai-2025-2-1448x2048.jpg 1448w, https:\/\/gemischterchorstaffeleggtal.ch\/wp-content\/uploads\/2025\/04\/CH-STAFF-KONZERT-Mai-2025-2-1140x1613.jpg 1140w, https:\/\/gemischterchorstaffeleggtal.ch\/wp-content\/uploads\/2025\/04\/CH-STAFF-KONZERT-Mai-2025-2-920x1301.jpg 920w, https:\/\/gemischterchorstaffeleggtal.ch\/wp-content\/uploads\/2025\/04\/CH-STAFF-KONZERT-Mai-2025-2-575x813.jpg 575w, https:\/\/gemischterchorstaffeleggtal.ch\/wp-content\/uploads\/2025\/04\/CH-STAFF-KONZERT-Mai-2025-2-380x538.jpg 380w, https:\/\/gemischterchorstaffeleggtal.ch\/wp-content\/uploads\/2025\/04\/CH-STAFF-KONZERT-Mai-2025-2-scaled.jpg 1810w\" sizes=\"auto, (max-width: 724px) 100vw, 724px\" \/><\/figure><div class=\"wp-block-media-text__content\">\n<p><strong>Jahreskonzert 2025<\/strong><\/p>\n\n\n\n<p>\u201eSo ein Tag \u2026\u201c \u2013 wie oft ziehen wir ein solches Res\u00fcmee \u2026 Manchmal war er einfach wundersch\u00f6n, dieser Tag, manchmal war er eine Herausforderung. Und wie so oft, gibt es Lieder dazu. Und die bietet der Gemischte Chor Staffeleggtal in seinem bunt gemischten Programm, das mal ein Tages-Highlight bietet, auch mal den Alltag aufgreift oder schlicht eine Stimmung, die den Tag oder eine besondere Stunde in Klang h\u00fcllt.&nbsp;<\/p>\n\n\n\n<p>Nat\u00fcrlich fehlt in diesem Konzert auch die bereits legend\u00e4re Tombola nicht und verpflegen kann man sich obendrein noch lassen.&nbsp;Warme K\u00fcche ab 18.30 Uhr&nbsp;<\/p>\n\n\n\n<p>Tickets ab sofort bei<mark>&nbsp;<a href=\"https:\/\/eventfrog.ch\/de\/p\/konzert\/chor\/so-ein-tag-schlager-hits-und-mehr-7309143160139048634.html\" target=\"_blank\" rel=\"noreferrer noopener\"><strong>eventfrog.ch<\/strong><\/a><\/mark> <\/p>\n\n\n\n<p>Ab 15. April sind Tickets auch bei Beatrix Ackle erh\u00e4ltlich (bis 11. Mai): Telefonisch unter 076 329 74 88 (von 18-20 Uhr) oder per Mail: info@gemischterchorstaffeleggtal.ch <\/p>\n<\/div><\/div>\n","protected":false},"excerpt":{"rendered":"<p>Unser n\u00e4chstes Konzert: eine Stunde gef\u00fcllt mit stimmungsvollen Advents- und Weihnachtsliedern &#8211; danach bei Gl\u00fchwein und Lebkuchen den gemeinsamen Austausch pflegen. Das ist unser Adventskonzert Jahreskonzert 2025 \u201eSo ein Tag [&hellip;]<\/p>\n","protected":false},"author":1,"featured_media":0,"parent":0,"menu_order":0,"comment_status":"closed","ping_status":"closed","template":"","meta":{"footnotes":""},"class_list":["post-1187","page","type-page","status-publish","hentry"],"jetpack_sharing_enabled":true,"_links":{"self":[{"href":"https:\/\/gemischterchorstaffeleggtal.ch\/index.php?rest_route=\/wp\/v2\/pages\/1187","targetHints":{"allow":["GET"]}}],"collection":[{"href":"https:\/\/gemischterchorstaffeleggtal.ch\/index.php?rest_route=\/wp\/v2\/pages"}],"about":[{"href":"https:\/\/gemischterchorstaffeleggtal.ch\/index.php?rest_route=\/wp\/v2\/types\/page"}],"author":[{"embeddable":true,"href":"https:\/\/gemischterchorstaffeleggtal.ch\/index.php?rest_route=\/wp\/v2\/users\/1"}],"replies":[{"embeddable":true,"href":"https:\/\/gemischterchorstaffeleggtal.ch\/index.php?rest_route=%2Fwp%2Fv2%2Fcomments&post=1187"}],"version-history":[{"count":7,"href":"https:\/\/gemischterchorstaffeleggtal.ch\/index.php?rest_route=\/wp\/v2\/pages\/1187\/revisions"}],"predecessor-version":[{"id":1470,"href":"https:\/\/gemischterchorstaffeleggtal.ch\/index.php?rest_route=\/wp\/v2\/pages\/1187\/revisions\/1470"}],"wp:attachment":[{"href":"https:\/\/gemischterchorstaffeleggtal.ch\/index.php?rest_route=%2Fwp%2Fv2%2Fmedia&parent=1187"}],"curies":[{"name":"wp","href":"https:\/\/api.w.org\/{rel}","templated":true}]}}

<div class="wp-block-media-text is-stacked-on-mobile"><figure class="wp-block-media-text__media"><img loading="lazy" decoding="async" width="595" height="842" src="https://gemischterchorstaffeleggtal.ch/wp-content/uploads/2025/09/Adventskonzert-2025-Gemischter-Chor-Staffeleggtal_A4_Flyer.jpeg" alt="" class="wp-image-1462 size-full" srcset="https://gemischterchorstaffeleggtal.ch/wp-content/uploads/2025/09/Adventskonzert-2025-Gemischter-Chor-Staffeleggtal_A4_Flyer.jpeg 595w, https://gemischterchorstaffeleggtal.ch/wp-content/uploads/2025/09/Adventskonzert-2025-Gemischter-Chor-Staffeleggtal_A4_Flyer-212x300.jpeg 212w, https://gemischterchorstaffeleggtal.ch/wp-content/uploads/2025/09/Adventskonzert-2025-Gemischter-Chor-Staffeleggtal_A4_Flyer-575x814.jpeg 575w, https://gemischterchorstaffeleggtal.ch/wp-content/uploads/2025/09/Adventskonzert-2025-Gemischter-Chor-Staffeleggtal_A4_Flyer-380x538.jpeg 380w" sizes="auto, (max-width: 595px) 100vw, 595px" /></figure><div class="wp-block-media-text__content">
<p><strong>Unser nächstes Konzert:</strong></p>



<p>eine Stunde gefüllt mit stimmungsvollen Advents- und Weihnachtsliedern &#8211; danach bei Glühwein und Lebkuchen den gemeinsamen Austausch pflegen.</p>



<p>Das ist unser Adventskonzert</p>
</div></div>



<div style="height:100px" aria-hidden="true" class="wp-block-spacer"></div>



<div class="wp-block-media-text is-stacked-on-mobile" style="grid-template-columns:44% auto"><figure class="wp-block-media-text__media"><img loading="lazy" decoding="async" width="724" height="1024" src="https://gemischterchorstaffeleggtal.ch/wp-content/uploads/2025/04/CH-STAFF-KONZERT-Mai-2025-2-724x1024.jpg" alt="" class="wp-image-1164 size-full" srcset="https://gemischterchorstaffeleggtal.ch/wp-content/uploads/2025/04/CH-STAFF-KONZERT-Mai-2025-2-724x1024.jpg 724w, https://gemischterchorstaffeleggtal.ch/wp-content/uploads/2025/04/CH-STAFF-KONZERT-Mai-2025-2-212x300.jpg 212w, https://gemischterchorstaffeleggtal.ch/wp-content/uploads/2025/04/CH-STAFF-KONZERT-Mai-2025-2-768x1086.jpg 768w, https://gemischterchorstaffeleggtal.ch/wp-content/uploads/2025/04/CH-STAFF-KONZERT-Mai-2025-2-1086x1536.jpg 1086w, https://gemischterchorstaffeleggtal.ch/wp-content/uploads/2025/04/CH-STAFF-KONZERT-Mai-2025-2-1448x2048.jpg 1448w, https://gemischterchorstaffeleggtal.ch/wp-content/uploads/2025/04/CH-STAFF-KONZERT-Mai-2025-2-1140x1613.jpg 1140w, https://gemischterchorstaffeleggtal.ch/wp-content/uploads/2025/04/CH-STAFF-KONZERT-Mai-2025-2-920x1301.jpg 920w, https://gemischterchorstaffeleggtal.ch/wp-content/uploads/2025/04/CH-STAFF-KONZERT-Mai-2025-2-575x813.jpg 575w, https://gemischterchorstaffeleggtal.ch/wp-content/uploads/2025/04/CH-STAFF-KONZERT-Mai-2025-2-380x538.jpg 380w, https://gemischterchorstaffeleggtal.ch/wp-content/uploads/2025/04/CH-STAFF-KONZERT-Mai-2025-2-scaled.jpg 1810w" sizes="auto, (max-width: 724px) 100vw, 724px" /></figure><div class="wp-block-media-text__content">
<p><strong>Jahreskonzert 2025</strong></p>



<p>„So ein Tag …“ – wie oft ziehen wir ein solches Resümee … Manchmal war er einfach wunderschön, dieser Tag, manchmal war er eine Herausforderung. Und wie so oft, gibt es Lieder dazu. Und die bietet der Gemischte Chor Staffeleggtal in seinem bunt gemischten Programm, das mal ein Tages-Highlight bietet, auch mal den Alltag aufgreift oder schlicht eine Stimmung, die den Tag oder eine besondere Stunde in Klang hüllt.&nbsp;</p>



<p>Natürlich fehlt in diesem Konzert auch die bereits legendäre Tombola nicht und verpflegen kann man sich obendrein noch lassen.&nbsp;Warme Küche ab 18.30 Uhr&nbsp;</p>



<p>Tickets ab sofort bei<mark>&nbsp;<a href="https://eventfrog.ch/de/p/konzert/chor/so-ein-tag-schlager-hits-und-mehr-7309143160139048634.html" target="_blank" rel="noreferrer noopener"><strong>eventfrog.ch</strong></a></mark> </p>



<p>Ab 15. April sind Tickets auch bei Beatrix Ackle erhältlich (bis 11. Mai): Telefonisch unter 076 329 74 88 (von 18-20 Uhr) oder per Mail: info@gemischterchorstaffeleggtal.ch </p>
</div></div>

<p>Unser nächstes Konzert: eine Stunde gefüllt mit stimmungsvollen Advents- und Weihnachtsliedern &#8211; danach bei Glühwein und Lebkuchen den gemeinsamen Austausch pflegen. Das ist unser Adventskonzert Jahreskonzert 2025 „So ein Tag [&hellip;]</p>
