{"id":292,"date":"2021-01-29T07:32:08","date_gmt":"2021-01-29T07:32:08","guid":{"rendered":"https:\/\/gemischterchorstaffeleggtal.ch\/?page_id=292"},"modified":"2021-01-29T08:38:41","modified_gmt":"2021-01-29T08:38:41","slug":"chorleitung","status":"publish","type":"page","link":"https:\/\/gemischterchorstaffeleggtal.ch\/?page_id=292","title":{"rendered":"Chorleitung"},"content":{"rendered":"\n<div class=\"wp-block-group has-background\" style=\"background-color:#f2eec9\"><div class=\"wp-block-group__inner-container is-layout-flow wp-block-group-is-layout-flow\">\n<p>Chormusik \u2013 das ist meine Leidenschaft.<\/p>\n\n\n\n<p class=\"has-text-align-left\">Menschen zu zeigen, was alles in ihnen steckt \u2013 das inspiriert mich zu vielen Ideen rund ums gemeinsame Singen.<\/p>\n\n\n\n<p>Ich bin ausgebildete Chorleiterin und Kinderchor-Leiterin. Meine eigenen Ideen zu Chorleitung sch\u00f6pfe ich aus regelm\u00e4ssigen Weiterbildungen, Kursen und Chorleiter-Foren. Das eigene Singen im Chor oder im Ensemble inspiriert mich immer wieder auch f\u00fcr meine Arbeit in den mir anvertrauten Ch\u00f6ren.<\/p>\n\n\n\n<p>WENN ALLE MENSCHEN REGELM\u00c4SSIG SINGEN W\u00dcRDEN, W\u00c4RE DIESE WELT EINE FRIEDLICHERE, EINFACH EINE BESSERE WELT \u2013 davon bin ich \u00fcberzeugt.<\/p>\n\n\n\n<p>Margit Klusch<\/p>\n<\/div><\/div>\n","protected":false},"excerpt":{"rendered":"<p>Chormusik \u2013 das ist meine Leidenschaft. Menschen zu zeigen, was alles in ihnen steckt \u2013 das inspiriert mich zu vielen Ideen rund ums gemeinsame Singen. Ich bin ausgebildete Chorleiterin und [&hellip;]<\/p>\n","protected":false},"author":1,"featured_media":0,"parent":217,"menu_order":0,"comment_status":"closed","ping_status":"closed","template":"","meta":{"footnotes":""},"class_list":["post-292","page","type-page","status-publish","hentry"],"jetpack_sharing_enabled":true,"_links":{"self":[{"href":"https:\/\/gemischterchorstaffeleggtal.ch\/index.php?rest_route=\/wp\/v2\/pages\/292","targetHints":{"allow":["GET"]}}],"collection":[{"href":"https:\/\/gemischterchorstaffeleggtal.ch\/index.php?rest_route=\/wp\/v2\/pages"}],"about":[{"href":"https:\/\/gemischterchorstaffeleggtal.ch\/index.php?rest_route=\/wp\/v2\/types\/page"}],"author":[{"embeddable":true,"href":"https:\/\/gemischterchorstaffeleggtal.ch\/index.php?rest_route=\/wp\/v2\/users\/1"}],"replies":[{"embeddable":true,"href":"https:\/\/gemischterchorstaffeleggtal.ch\/index.php?rest_route=%2Fwp%2Fv2%2Fcomments&post=292"}],"version-history":[{"count":2,"href":"https:\/\/gemischterchorstaffeleggtal.ch\/index.php?rest_route=\/wp\/v2\/pages\/292\/revisions"}],"predecessor-version":[{"id":340,"href":"https:\/\/gemischterchorstaffeleggtal.ch\/index.php?rest_route=\/wp\/v2\/pages\/292\/revisions\/340"}],"up":[{"embeddable":true,"href":"https:\/\/gemischterchorstaffeleggtal.ch\/index.php?rest_route=\/wp\/v2\/pages\/217"}],"wp:attachment":[{"href":"https:\/\/gemischterchorstaffeleggtal.ch\/index.php?rest_route=%2Fwp%2Fv2%2Fmedia&parent=292"}],"curies":[{"name":"wp","href":"https:\/\/api.w.org\/{rel}","templated":true}]}}

<div class="wp-block-group has-background" style="background-color:#f2eec9"><div class="wp-block-group__inner-container is-layout-flow wp-block-group-is-layout-flow">
<p>Chormusik – das ist meine Leidenschaft.</p>



<p class="has-text-align-left">Menschen zu zeigen, was alles in ihnen steckt – das inspiriert mich zu vielen Ideen rund ums gemeinsame Singen.</p>



<p>Ich bin ausgebildete Chorleiterin und Kinderchor-Leiterin. Meine eigenen Ideen zu Chorleitung schöpfe ich aus regelmässigen Weiterbildungen, Kursen und Chorleiter-Foren. Das eigene Singen im Chor oder im Ensemble inspiriert mich immer wieder auch für meine Arbeit in den mir anvertrauten Chören.</p>



<p>WENN ALLE MENSCHEN REGELMÄSSIG SINGEN WÜRDEN, WÄRE DIESE WELT EINE FRIEDLICHERE, EINFACH EINE BESSERE WELT – davon bin ich überzeugt.</p>



<p>Margit Klusch</p>
</div></div>
